6).
-270
Let x(v) = -2*v**2 - 392*v + 9596. Calculate x(-218).
4
Let y(t) = t**2 + 63*t + 849. Give y(-22).
-53
Let y(a) = -54*a + 7. Determine y(-5).
277
Let a(t) = -19*t**2 + 1655*t - 205. Determine a(87).
-31
Let f(y) = -y**2 + 13*y + 11192. Give f(113).
-108
Let p(g) = -92*g + 373. Give p(5).
-87
Let m(q) = q**2 - 7*q - 3. Calculate m(2).
-13
Let v(u) = 187*u + 9336. What is v(-50)?
-14
Let l(o) = o**3 + 10*o**2 - 16*o - 250. Calculate l(-8).
6
Let s(t) = 17*t**3 + 18*t**2 - 34*t - 6. Calculate s(3).
513
Let p(n) = -20*n**3 + 2*n**2 + 30*n - 106. Determine p(3).
-538
Let q(c) = c**2 - 103*c + 2524. Give q(63).
4
Let a(m) = 147*m + 7173. Calculate a(-49).
-30
Let o(y) = 7*y**2 + 3*y - 104. Give o(-4).
-4
Let d(a) = a**3 + 192*a**2 + 384*a + 757. What is d(-190)?
-3
Let f(k) = 209*k - 4803. Determine f(24).
213
Let a(h) = -182*h + 723. Calculate a(4).
-5
Let c(l) = -12*l - 312. Determine c(-18).
-96
Let x(s) = 192*s - 2485. Calculate x(13).
11
Let k(a) = 88*a - 2385. Calculate k(27).
-9
Let z(s) = 18*s - 137. Calculate z(7).
-11
Let m(z) = -2*z**3 - 58*z**2 - 55*z + 38. What is m(-28)?
10
Let o(l) = -203*l + 11173. What is o(55)?
8
Let m(u) = u**2 - 430*u + 45563. Calculate m(241).
14
Let p(o) = 40*o**2 - 34*o + 103. Give p(3).
361
Let t(a) = -5*a + 22. Calculate t(8).
-18
Let o(q) = 1420*q + 7101. What is o(-5)?
1
Let p(u) = -u**2 - 391*u + 26552. Determine p(59).
2
Let t(m) = -83*m - 211. What is t(-4)?
121
Let b(d) = 2*d**2 + 42*d - 299. Calculate b(-27).
25
Let n(o) = -2*o**3 + 34*o**2 + 10*o + 30. What is n(18)?
-438
Let i(o) = o**3 - 9*o**2 - 4*o + 15. Determine i(10).
75
Let g(f) = 7686*f + 38426. What is g(-5)?
-4
Let o(p) = p**3 + 2*p**2 - 13*p - 122. Determine o(6).
88
Let t(d) = -d**3 + 10*d**2 + 87*d + 107. What is t(16)?
-37
Let b(r) = 2*r**3 - 105*r**2 + 351*r - 15551. Determine b(52).
-3
Let g(z) = -28*z**2 + 116*z - 11. What is g(4)?
5
Let u(v) = 108*v + 5098. Determine u(-47).
22
Let x(w) = 2*w**3 + w**2 - 77*w - 10. What is x(7)?
186
Let y(b) = b**2 + 159*b - 4386. What is y(24)?
6
Let n(k) = k**3 - 7*k**2 + 433*k - 1669. What is n(4)?
15
Let k(u) = 41*u - 110. Calculate k(0).
-110
Let o(a) = -2*a**2 - 79*a + 113. Give o(-41).
-10
Let s(q) = -q**3 + 2*q**2 + 12*q + 3. Determine s(7).
-158
Let f(l) = 73*l**2 - 943*l + 1883. Give f(2).
289
Let o(r) = -31*r**2 - 5952*r + 23. Determine o(-192).
23
Let w(l) = 444*l + 7535. Determine w(-17).
-13
Let d(a) = 29*a - 2910. Determine d(100).
-10
Let h(f) = -72*f + 1503. Give h(21).
-9
Let c(m) = 4*m**2 + 61*m - 573. What is c(-22)?
21
Let x(a) = 2*a**3 - 37*a**2 + 109*a - 16. Determine x(4).
-44
Let m(f) = f**2 - 154*f - 4900. Calculate m(-27).
-13
Let q(n) = -4*n**2 + 26*n - 14. Calculate q(6).
-2
Let n(t) = -t**2 + 51*t + 1344. What is n(-19)?
14
Let x(a) = 2*a**2 - 2535*a - 5084. Determine x(-2).
-6
Let j(i) = -3*i**3 + 26*i**2 + 14*i - 55. Determine j(9).
-10
Let h(k) = k**2 + 59*k + 436. Determine h(-7).
72
Let w(i) = 691*i + 7. Calculate w(0).
7
Let b(m) = -m**3 - 22*m**2 - 112*m - 91. Give b(-6).
5
Let i(n) = -54*n + 50. Calculate i(4).
-166
Let m(f) = f**3 + 3*f**2 + 88*f + 366. Give m(-4).
-2
Let p(d) = 2*d**3 + 2*d**2 - 98*d - 189. Determine p(-2).
-1
Let u(w) = 4*w - 36. What is u(23)?
56
Let x(d) = -d**2 - 252*d - 2385. What is x(-10)?
35
Let r(u) = -2*u**3 - 211*u**2 - 103*u + 214. Determine r(-105).
4
Let l(j) = j**3 - 9*j**2 - 4*j + 32. Calculate l(7).
-94
Let a(h) = 412*h + 10. Give a(1).
422
Let d(z) = -z**2 - 4*z + 1534. Calculate d(-40).
94
Let o(y) = -y**3 + 138*y**2 - 821*y + 3812. Calculate o(132).
-16
Let m(c) = -c**2 - 43*c + 194. Calculate m(-47).
6
Let h(r) = r**3 + 78*r**2 - 67*r + 942. Determine h(-79).
-6
Let n(u) = 6*u**2 - 35*u - 289. Calculate n(-5).
36
Let s(i) = i**2 - 20*i - 24. Determine s(26).
132
Let x(f) = f**2 + 9*f - 181. Give x(9).
-19
Let m(h) = 2*h**3 - 57*h**2 - 80*h + 694. Calculate m(3).
-5
Let l(m) = -4*m**2 - 164*m + 1117. Determine l(6).
-11
Let f(p) = -9*p + 142. Calculate f(34).
-164
Let j(o) = -3*o**2 - 55*o + 344. Calculate j(-23).
22
Let x(c) = -c**3 + 3. Determine x(0).
3
Let r(b) = 110*b - 5764. Give r(52).
-44
Let d(m) = -m**3 + 12*m**2 + 16*m - 85. What is d(6)?
227
Let s(u) = u**2 - 52*u + 384. Give s(9).
-3
Let s(k) = -14*k - 757. Calculate s(-55).
13
Let b(s) = 202*s**2 - 610*s + 5. Give b(3).
-7
Let a(g) = -g**2 - 11*g + 92. Determine a(-19).
-60
Let p(q) = q**3 - 8*q**2 + 19*q - 63. What is p(5)?
-43
Let f(m) = -8*m**2 - 67*m - 351. Calculate f(-7).
-274
Let f(b) = b**3 - 29*b**2 + 174*b + 17. Determine f(21).
143
Let c(y) = -4*y - 185. Calculate c(-46).
-1
Let c(d) = d**3 + 14*d**2 - 69*d + 68. Determine c(-18).
14
Let h(t) = -t**3 - 9*t**2 - 28*t + 4. Calculate h(-7).
102
Let v(q) = -q**2 + 25*q - 124. What is v(20)?
-24
Let b(i) = -86*i - 418. Give b(-5).
12
Let k(u) = -52*u**2 + 186*u + 188. Give k(-1).
-50
Let v(s) = -5*s + 203. Give v(3).
188
Let k(x) = -x**2 + 84*x + 554. What is k(87)?
293
Let r(a) = -4*a**3 + 29*a**2 - 6*a - 9. Determine r(7).
-2
Let v(w) = -12*w - 791. Determine v(-75).
109
Let z(u) = 47*u + 920. Give z(-20).
-20
Let l(t) = 60*t + 66. What is l(-2)?
-54
Let a(g) = 60*g + 205. Give a(0).
205
Let p(x) = x**3 + 17*x**2 - 84*x - 1. Calculate p(-21).
-1
Let k(d) = d**2 - 22*d + 80. Give k(16).
-16
Let t(w) = -12*w**2 + 42*w + 88. Give t(5).
-2
Let l(s) = s**3 - 100*s**2 - 196*s - 816. Calculate l(102).
0
Let d(s) = -s**3 - 16*s**2 - 7*s - 8. Give d(-16).
104
Let h(u) = -19*u**2 + 170*u + 26. Calculate h(9).
17
Let o(z) = 12*z**2 + 296*z + 196. Give o(-24).
4
Let g(t) = 2*t**3 - 10*t**2 + 8*t - 16. Calculate g(4).
-16
Let t(s) = 5*s**3 - 3*s**2 + 5*s - 131. Determine t(0).
-131
Let i(k) = 2*k**3 - 16*k**2 + 98. Determine i(8).
98
Let y(s) = s**2 + 28*s - 1750. Give y(-55).
-265
Let a(n) = 4*n**3 - 13*n**2 - 20*n + 34. What is a(4)?
2
Let i(s) = -3377*s - 6751. What is i(-2)?
3
Let t(z) = -13*z**2 + 98*z + 484. Give t(-5).
-331
Let n(j) = 4*j**2 + 42*j - 8. Give n(-12).
64
Let s(o) = -o**3 - 3*o**2 + 863*o - 45. Give s(-31).
110
Let w(v) = 7*v**2 - 97*v - 433. Calculate w(-5).
227
Let s(a) = -5*a**2 - a + 57. What is s(-4)?
-19
Let g(a) = a**2 + 26*a - 912. Calculate g(-46).
8
Let d(f) = -1016*f - 4103. Determine d(-4).
-39
Let f(n) = 87*n + 181. What is f(-4)?
-167
Let p(j) = 134*j - 556. What is p(4)?
-20
Let u(c) = 15*c + 51. Calculate u(0).
51
Let z(q) = -8*q**2 + 16*q + 85. Give z(-3).
-35
Let t(o) = -o**3 + 28*o**2 - 5*o + 129. Give t(28).
-11
Let j(x) = 66*x**3 + 20*x**2 - 22*x + 2. What is j(1)?
66
Let s(t) = -t**3 + 44*t**2 + 4*t - 51. Calculate s(44).
125
Let l(o) = -o**2 + 35*o - 123. What is l(37)?
-197
Let r(a) = 3*a**2 + 472*a - 1763. Give r(-161).
8
Let o(m) = -46*m - 658. Determine o(-15).
32
Let p(g) = 425*g + 44207. What is p(-104)?
7
Let j(d) = 91*d + 16288. Give j(-179).
-1
Let b(p) = p**3 - 5*p**2 - 23*p + 115. Give b(8).
123
Let c(t) = -18*t + 633. Give c(32).
57
Let r(j) = 6*j**3 - 12*j**2 + j + 2. Calculate r(0).
2
Let t(n) = 93*n + 286. Calculate t(-6).
-272
Let k(v) = 404*v + 16971. Give k(-42).
3
Let c(h) = -421*h + 1266. Give c(3).
3
Let c(n) = 4*n - 61. What is c(13)?
-9
Let z(d) = -21*d**2 - 111*d - 5. Calculate z(-2).
133
Let x(y) = y**3 + 15*y**2 + 13*y - 72. What is x(-8)?
272
Let u(g) = -4*g**2 - 13*g + 341. Determine u(-11).
0
Let t(r) = r**2 - 5*r - 1056. What is t(35)?
-6
Let x(u) = 147*u - 4235. Give x(29).
28
Let g(f) = -f**2 + 55*f + 230. Calculate g(-4).
-6
Let j(q) = -625*q**3 + 4375*q**2 - 2*q + 15. Determine j(7).
1
Let k(d) = -d**3 - 39*d**2 - 170*d - 36. Determine k(-34).
-36
Let c(u) = -u**3 - 26*u**2 - 161*u - 34. Give c(-10).
-24
Let c(k) = k**3 + 13*k**2 + 7*k - 63. Determine c(-9).
198
Let m(s) = -2*s**3 - 14*s**2 + 2*s - 11. Calculate m(-7).
-25
Let w(z) = -482*z + 3410. Calculate w(7).
36
Let y(z) = z**3 - z**2 + 4*z + 39. What is y(-3)?
-9
Let h(x) = -x**2 - 82*x + 4545. Determine h(38).
-15
Let m(k) = k + 59. Calculate m(-14).
45
Let d(t) = 310*t - 1956. Determine d(5).
-406
Let b(r) = r**3 - 36*r**2 + 7*r + 120. Determine b(36).
372
Let m(p) = p**3 - 10*p**2 - 57*p + 17. Calculate m(14).
3
Let x(o) = -89*o + 990. Calculate x(11).
11
Let c(s) = -s**3 + 8*s**2 + 12*s - 23. Determine c(7).
110
Let j(t) = t**2 - 39*t - 176. What is j(43)?
-4
Let 